5. Let s(f) = 4*f**2 + 10*f - 139. Let y(t) = -9*p(t) - 2*s(t). Determine y(4).
7
Let p(j) be the first derivative of -61*j**3/3 + j**2/2 + 2*j - 1075. Calculate p(-1).
-60
Let d(u) = 6*u**2 + 2*u + 1. Let y be (-11 + 3)*5/(-10). Suppose -2*x = h - 6, 3*x - 7*x = -y*h + 48. Suppose -h = 13*v + 3. Give d(v).
5
Let k(a) be the second derivative of -1/6*a**3 + a**2 + 5/12*a**4 + 1/20*a**5 - 9*a + 0. Let j be -3 - (0 - -2)/((-18)/(-9)). Determine k(j).
22
Suppose -3*n + 33 = r + 2*r, -r = 0. Suppose -13*v - 3*c = -9*v - 1, c = -4*v + n. Let m(t) = t**3 - 3*t**2 - 4*t + 6. What is m(v)?
6
Let p(f) = -3*f**3 + f. Let j be p(1). Let y(n) = -497*n + 2. Let a be y(-1). Let z(c) = a - 502 - 4*c - 2*c. Calculate z(j).
9
Let f = 2137 - 2143. Let y(p) = -4*p - 4. Let h(m) = -3*m - 5. Let v(o) = 3*h(o) - 2*y(o). Determine v(f).
-1
Let p(x) = 22*x - 21. Let s(y) = -7*y + 7. Let b(w) = 2*p(w) + 7*s(w). Let m be ((-6)/7)/(108/756). Give b(m).
37
Let a(u) be the second derivative of u**4/12 - u**3/3 + u**2/2 + 384*u. Let i = 0 - -3. Let k be i + 0*4/12. Calculate a(k).
4
Suppose 5*u + 20*u - 8*u - 68 = 0. Let f(p) = 6*p - 1. Give f(u).
23
Let f(b) = 2*b**2 - 17. Let t(q) = 3*q**2 - 2*q - 19. Let a(h) = -4*f(h) + 3*t(h). Give a(6).
11
Let r be (38 + -40)*-14*(-4)/(-16). Let h(s) = 4*s - 2. Calculate h(r).
26
Suppose 0 = u - 3*j - 172, -5*u + 2*j + 604 = -256. Let y be -7 + u/16 + 2/8. Let m(a) = -y - 1 - 9*a + 4 + 10*a. Determine m(-5).
-6
Let u = -18 - -71. Let d(g) = g**2 - 20*g + 7*g + 84 - u. Let m be d(11). Let r(l) = l**2 - 9*l + 9. Determine r(m).
9
Let r(x) be the third derivative of -x**5/60 + x**4/12 + x**3/2 - 2*x**2 + 501. Determine r(5).
-12
Let l(j) = j**3 - j**2 - j - 1. Suppose -11*f + 56 = 1. Suppose -5*g - 5*t + 16 = 21, 9 = -3*g - f*t. Determine l(g).
1
Let w(m) = -8*m**3 + 6*m**2 + 10*m**2 - 17*m**2 + 3*m**3. Suppose 5*l - 2*z - z = 20, -20 = 5*l + 5*z. What is w(l)?
-6
Suppose 5*x - 126 + 46 = 0. Suppose -x = -5*g + g. Let j(p) = p**2 - 4*p + 5. Calculate j(g).
5
Let x(g) = 7*g - 2. Let o(y) = y + 1. Let q(k) = 7*k**2 + 6*k + 4. Let l be q(-1). Let j(w) = l*o(w) - x(w). Give j(6).
-5
Let v(t) = 6*t**3 + 6*t**3 + 8*t - 5*t**2 + 11*t**3 + 4*t - 24*t**3 + 12. Determine v(-7).
26
Let u(x) = 4*x**2 + 49*x - 3 + 0 + 4*x**2 - 47*x. Let m be u(1). Let y(o) be the first derivative of o**2/2 - 10*o + 40. Determine y(m).
-3
Let g(c) = -167*c + 168*c - c**2 - 19*c**3 + 21*c**3 - 12 - 7*c**2. Determine g(4).
-8
Let k(z) = 5*z**2 - z + 6. Let j(p) = 3*p**2 - 3*p + 7. Suppose 4*l - 9 = -3*n, -5 = -5*l + n + 11. Let x(h) = l*j(h) - 2*k(h). Calculate x(-8).
1
Let i(z) = 8*z**2 - 217*z - 118. Let r(s) = 17*s**2 - 509*s - 238. Let w(h) = 9*i(h) - 4*r(h). Determine w(-22).
0
Let z(x) = -3*x**2 + 8*x + 6. Let i(o) = -4*o**2 + 8*o + 4. Let k = -93 + 90. Let n(w) = k*z(w) + 2*i(w). What is n(8)?
-10
Let b(n) = -4*n + 9. Let g(i) = -8*i + 17. Let t(r) = 5*b(r) - 2*g(r). Let j(y) = 11*y - 32. Let a(l) = 3*j(l) + 8*t(l). Calculate a(4).
-4
Let d(t) = 6*t - 3 - 2*t + 2*t + 2. Let j = 3003 - 3006. Give d(j).
-19
Let o(x) be the first derivative of x**4/4 + 7*x**3 - 23*x**2/2 - 14*x - 1247. Give o(-22).
8
Let t(p) = 13*p + 2. Suppose 0 = -v - 3151 + 3151. What is t(v)?
2
Let r(q) = q - 10. Let j be r(11). Let s(i) = 2*i - 9 + 3 + j. Let d be -8*1 + 6/2. Determine s(d).
-15
Let t(j) = -j**3 + 12*j**2 - 13*j + 14. Suppose -11*b - 14*b + 875 = 0. Suppose -3*l - 2 = -b. What is t(l)?
-8
Let v be (-2)/12 - 2/(-12) - 5. Let f(u) be the first derivative of -10*u + 12*u + 11 - 5*u + 2*u**2 + 20. What is f(v)?
-23
Let q(x) = -100*x + 901. Let r be q(9). Let k(h) = 13*h**2 + 13*h - 13. Determine k(r).
13
Let q(j) = -3*j**2 - 17*j - 1. Let a = 2225 + -2232. Give q(a).
-29
Suppose 7*h - 2*h = 0. Let a(d) = 43 - d - 20 + d**2 - 29. Give a(h).
-6
Let k(j) = j**3 + 11*j**2 + 24*j - 9. Let m = 41564 - 41572. Give k(m).
-9
Let h(y) = y**3 + 5*y**2 + 7. Let d(g) = g**3 - 26*g**2 - 364*g + 139. Let q be d(36). Determine h(q).
7
Suppose 5*r + 1516 = 9*r. Suppose 28 = -9*z + r. Let y = 34 - z. Let f(l) = l + 5. What is f(y)?
0
Let x(z) = -z**2 + 5*z + 2. Let i = -339 - -340. Let h be i/((-26)/(-8) + -3). Determine x(h).
6
Let g be (-1*6 - -4)*(-1)/2. Suppose -2*z + 2*n = -z - 2, 5*z - n = g. Suppose 0 = -4*h + 4, 4 = 2*s - z*s + 4*h. Let t(o) = o**2 - 7. Determine t(s).
-7
Let v(t) be the second derivative of -t**4/6 - 5*t**3/6 + 43*t**2/2 + t + 1846. Determine v(9).
-164
Let t = -12302 - -12310. Let x(k) be the first derivative of k**4/4 - 8*k**3/3 + k**2/2 + 2*k + 2. Give x(t).
10
Let x(m) = 56*m - 398. Let c be (-1515)/(-210) + (-57)/266. Calculate x(c).
-6
Suppose 209 = 11*y - 121. Let r(a) = -2 + 5*a - y*a**2 - 17*a**2 - 15*a + 1 + 12*a. What is r(1)?
-46
Let q(c) = -2*c**2 - c + 8. Let w be q(0). Suppose -p - 6*g + w*g = -2, 2*g = 4*p - 14. Let x(m) = -6*m + 5. What is x(p)?
-19
Suppose -101*a = -103*a + 12. Let z(h) = -9*h + 3*h - a + h + 7. Give z(-1).
6
Let h(j) = -j**2 - 17*j + 21. Let b be h(-18). Let r be 1/(b/(-6)) + -26. Let s be (r/6)/(8 - 110/15). Let n(x) = x**2 + 7*x - 3. What is n(s)?
-3
Let w(s) be the first derivative of -4*s**3/3 + 11*s - 2356. Calculate w(3).
-25
Let y = 5 - 8. Suppose 7 = 9*f - 11. Let z(r) = 6*r**2 + 2*r**2 - 21*r**2 + 5*r**2 + 4*r + 9*r**f. Calculate z(y).
-3
Let t(b) = -2*b**2 - 12*b + 17. Suppose -121 = -7*m - 170. Calculate t(m).
3
Suppose -30*l = 4*l - 238. Let h(b) = 3*b**2 - 16 - 22 + 55 + l*b**2 - 16. What is h(-1)?
11
Let k(a) = -7*a + 5. Suppose -3*l + 81 - 177 + 84 = 0. Calculate k(l).
33
Let t(i) = -25607*i + 25605*i + 2*i**2 + i**3 - 7*i**3. What is t(2)?
-44
Let g be 78/6 - 7 - (-5 + 8). Let d(i) be the third derivative of 0*i - 16*i**2 + 1/24*i**4 + 0 - 1/6*i**g. Calculate d(-5).
-6
Suppose 0 = -61*w + 50*w + 22. Let s(q) = 12 - 3 - 4 - 6 + q**w. Calculate s(5).
24
Let u(m) be the second derivative of 4*m - 1/60*m**5 + 0 + 0*m**3 + 0*m**2 - 1/720*m**6 - m**4. Let l(d) be the third derivative of u(d). Calculate l(0).
-2
Let w(t) be the second derivative of -7/2*t**2 - 149*t + 1/12*t**4 + 1/3*t**3 + 0. Suppose 3*f - 2*f = 3, 0 = 4*a - 5*f + 35. Determine w(a).
8
Suppose 0 = -10*g + 19 + 41. Let x be 15/(-9) + (-26)/g. Let s(r) = r**3 - r**2 + r. Let v(t) = -2*t**3 - 4*t**2 + 4*t - 3. Let d(n) = -s(n) - v(n). Give d(x).
-3
Let f(p) = -9*p**3 + 12*p**2 + 2*p. Let i(b) be the third derivative of -b**6/30 + b**5/12 + b**4/24 - 54*b**2. Let n(l) = 3*f(l) - 7*i(l). What is n(-1)?
1
Let o(f) = 34*f**3 + f**2 - 4*f + 3. Suppose 10*b + 51 = 28*b + 33*b. What is o(b)?
34
Let l(t) be the third derivative of -t**6/120 + t**4/12 + 1973*t**2. Determine l(-4).
56
Let t = -3056 - -3053. Let c(s) = 0 - 3 - 2*s**2 + 0. Determine c(t).
-21
Let p(g) = g**2 - 8*g + 11. Let k be p(8). Let d(x) = -2*x + k*x + 4 - 3. Let i be ((-44)/(-594) - (-640)/108)/(1 + 2). Determine d(i).
19
Let x = -9 - -5. Let v(l) = 9*l - 3. Let k(m) = -23*m + 8. Let u(f) = 20*f - 7. Let z(s) = -3*k(s) - 4*u(s). Let y(q) = -5*v(q) - 4*z(q). Give y(x).
3
Let n = -7 - -55. Let u(x) = x**2 - 99*x + 57*x + n*x. Suppose 3*s - 6 = 0, 3*s - 18 = 4*v - v. What is u(v)?
-8
Let l(f) be the second derivative of -f**6/120 - f**5/24 - f**4/24 + 57*f**3/2 - 86*f. Let j(v) be the second derivative of l(v). Give j(-2).
-3
Let s(d) = -3 - 2*d - 7*d + d. Suppose -16*z - 93 + 13 = 0. Calculate s(z).
37
Let g be (10/(-4)*36/30)/(1 + -2). Let j(u) be the first derivative of -u**2 - 4/3*u**3 + 1/4*u**4 - g*u + 20. Give j(5).
12
Suppose 0 = -4*w + 2*t - 90, -37*w = -42*w - 3*t - 85. Let d(l) = l**3 + 22*l**2 + 39*l - 15. What is d(w)?
5
Let j(q) = -84*q + 160. Let p(t) = 17*t - 32. Let f(n) = -2*j(n) - 11*p(n). Let w be f(2). Let g(l) = -l**2 - 9*l + 8. Determine g(w).
26
Let f(t) = 9*t + 2. Let a(n) = n - 1. Let i(o) = -252*o - 14. Suppose 16 - 156 = 4*c. Let b(v) = c*a(v) - i(v). Let d(z) = -2*b(z) + 49*f(z). Determine d(3).
21
Let y(n) = 1. Let p = 38 - 44. Let g(j) = j - 4. Let v(r) = p*y(r) + g(r). Suppose 3*l = -l + 36. Give v(l).
-1
Let i(t) = -t**3 + t**2 - t + 5. Let n(y) = 5*y**3 - 18*y**2 + 3. Let a(o) = -4*i(o) - n(o). Calculate a(14).
33
Let n(c) = -c**2 - 4*c + 51. Let m be 96/15 - (516/(-60) - -9). Give n(m).
-9
Let r(d) be the first derivative of d**4/4 - 2*d**3 - 2*d**2 + 8*d - 99. Let